). Let s = 28 + l. What is the tens digit of s?
2
Let y = 8141 - 5798. What is the tens digit of y?
4
Let k(a) = 20*a**2 + 20*a - 97. What is the thousands digit of k(7)?
1
What is the tens digit of -7 + ((-6392)/(-4) - -1)?
9
Let v be (68/102)/(4/16086). Suppose 931 = -7*w + v. What is the hundreds digit of w?
2
Suppose 0 = 12*i - 14*i + 10. Let s = i + -2. Suppose -s*j = -12 - 15. What is the units digit of j?
9
Suppose -297 = -5*x + 4*o, -4*o - 252 + 77 = -3*x. What is the units digit of x?
1
Suppose 3*a - 5 = -2*i - 11, -a = 3*i + 2. Suppose -2*y = 5*b - 14 - 79, i = -2*b - 2. What is the units digit of y?
9
Let j = 7 + -15. Let k(t) = -t**3 - 7*t**2 + 3*t + 3. Let a be k(j). Suppose 0 = -a*z + 44*z - 49. What is the units digit of z?
9
What is the hundreds digit of 99*3 - (-13 - -17)?
2
Let x be ((-9)/6)/(3/(-4)). Suppose 0 = j - x*j. Suppose 4*a - 38 - 54 = j. What is the tens digit of a?
2
Suppose 0 = -5*x - 15, 1 = -3*a - 5*x - 17. Let z = a - -6. Suppose -3*t = -3*l - 99, 0 = -z*t - 5*l + 106 + 59. What is the tens digit of t?
3
Suppose -r + 6 = -0*r. Suppose -5*o - 2 = -r*o. What is the units digit of (o/10)/((-4)/(-20))?
1
Suppose -2*x + 9 = -245. What is the units digit of x?
7
Suppose 324 = 4*t - t. Suppose -t = -8*g + 7*g. Suppose 6*h = 2*h + g. What is the units digit of h?
7
Let f = -70 - -95. Suppose 2*t = t + f. What is the units digit of t?
5
Suppose 3*u - 4627 = 53. What is the thousands digit of u?
1
What is the hundreds digit of 1473/(9 - 6) - 7?
4
Let b be 4*((-105)/(-10))/(-7). Let a(p) = p**3 + 7*p**2 + 5*p + 2. What is the units digit of a(b)?
8
Suppose 20*z + 298 = 22*z. Let s = z + -45. What is the hundreds digit of s?
1
What is the hundreds digit of (-2785 - -1)*(-5 + (-16 - -20))?
7
Let d(w) = 107*w**2 + 5*w - 4. Let h be d(1). Let b(q) = 5*q**2 + 4*q - 4. Let g be b(-6). Let c = g - h. What is the units digit of c?
4
Let d = 269 - 76. Let m = 380 - d. What is the tens digit of m?
8
Let p(o) = -89*o**3 - 4*o - 4. What is the units digit of p(-2)?
6
Let i(j) = -j + 1. Suppose -r + 0 = 4. Let g be i(r). Let u(d) = -d**2 + 7*d - 7. What is the units digit of u(g)?
3
Let q = -43 + 72. Let v = q + 31. What is the tens digit of v?
6
Suppose 4*r = 3*m - 0 + 2, 3*r - 1 = 2*m. What is the units digit of (-3 - r)/((-6)/63)?
1
Let l(z) be the first derivative of z**2/2 - 15*z - 4. Let p be l(17). Suppose -5*b + 2*c = -236 - 27, -2 = -p*c. What is the tens digit of b?
5
What is the hundreds digit of 431 + 5/(-5) + 9?
4
Suppose 0*g - g + x = -7, -5*g - x + 5 = 0. Suppose -g*b = -16*b + 168. What is the tens digit of b?
1
Let p be (1*-1)/(19/(-456)). What is the tens digit of ((-102)/(-4))/(18/p)?
3
Let i = -10 + 6. Let s(b) = -b**2 - 6*b - 5. Let d be s(i). Suppose -z - 45 = -6*z - 5*j, -3*z + 51 = -d*j. What is the units digit of z?
3
Let c be -112*(2 - 20/7). Suppose 0 = -2*z - z - 2*k + c, -2*k = -6. What is the tens digit of z?
3
Let a = 118 + 199. What is the tens digit of a?
1
Let f(l) = l**2 - 4*l - 15. Let g(k) = 2*k**2 + 3*k - 4. Let m be g(-3). Let s be f(m). What is the tens digit of ((-4)/(-10))/(s/(-1700))?
6
Suppose 0*l = -3*l + 36. Let t = l + -6. What is the units digit of 6/(-9)*(-81)/t?
9
Suppose 9*q - 5*q = 3072. What is the units digit of q?
8
Let n(d) = 82*d**3 + d - d**2 - 74*d**3 - 3*d - 2*d + 4. What is the units digit of n(2)?
6
Let a(z) = -z**3 + 6*z**2 - 6*z + 5. Let s be a(5). Suppose s = -p - 4*p - 40. Let u = p - -9. What is the units digit of u?
1
Let p(s) = 2*s**3 - 3*s**2 - 2*s + 8. Let v be p(3). Let j be -1 - -4 - 0 - 1. Suppose -v = d - j*d. What is the units digit of d?
9
Let i(m) = m**2 + 1. Suppose n - 2 = 2. Suppose 2*y + y + n*h = 0, 2*h = -3*y. What is the units digit of i(y)?
1
Let h be (-2)/6*(-19 - -13). Let z(b) = 6 + b**h - 2 + 5*b - b. What is the tens digit of z(-9)?
4
Suppose 252 = 3*u + 3*h, -5*u + 3*h + 392 = h. Let m = u - 44. Let j = m - 14. What is the tens digit of j?
2
What is the units digit of (12/18)/((-10)/(-645))?
3
Let a(o) = -20*o**3 + 3*o**2 - 3*o - 57. Suppose -49 = -3*j + 2. Let z(d) = -7*d**3 + d**2 - d - 19. Let p(l) = j*z(l) - 6*a(l). What is the tens digit of p(0)?
1
Suppose 2*v = 0, 3*j = 4*v - 3*v + 27. What is the units digit of 4 - 1 - 3 - -2*j?
8
Suppose 5*c - 3*c - 140 = 0. Let u(y) = y**3 - 8*y**2 + 8*y - 2. Let i be u(7). Suppose -185 = -i*d - c. What is the units digit of d?
3
What is the hundreds digit of (-55156)/(-22) - (-177)/(-1947)?
5
Let z = -253 + 263. What is the tens digit of z?
1
Let s be (2 + -3 + 2)/1. Let o(w) be the second derivative of 43*w**4/12 + w**3/3 + 18*w - 2. What is the tens digit of o(s)?
4
Let c be 36*(2 + (-20)/8). Let u = c - -52. Suppose -4*h + 42 = -u. What is the tens digit of h?
1
Let q(l) = l**2 - 12*l + 46. What is the units digit of q(13)?
9
Let o(x) = 8*x**2 - 5*x + 35. Let y(u) = -3*u**2 + 2*u - 12. Let c(s) = -6*o(s) - 17*y(s). Let f be (2 - -6)/(2 + 0). What is the tens digit of c(f)?
2
Suppose 26*q = 16199 + 40117. What is the hundreds digit of q?
1
Let t(i) = -9*i - 7. Let q(f) = f**3 + 6*f**2 + 2*f. Let c be q(-6). Let m = -16 - c. What is the units digit of t(m)?
9
Let p(u) = 5*u - 57. Let d be p(11). Let i(o) = -o + 1. Let s(g) = 6*g**2 + g - 8. Let c(k) = 5*i(k) + s(k). What is the units digit of c(d)?
9
Let o(m) = 2*m + 29. What is the tens digit of o(-8)?
1
Suppose 3*m = -0*m + 9. Suppose -2*h + 2*s + 3*s = -20, -3*s - 30 = -m*h. Suppose -3*a + 27 = x - a, 5*a - h = 0. What is the units digit of x?
3
Let l(f) = -f**3 - f**2 - 2*f + 146. What is the hundreds digit of l(-10)?
0
Let z be 16/(-6) - ((-20)/(-6) + -4). What is the units digit of (32 - 3)*11 + z?
7
Let f(g) = 2*g**2 - 5*g + 142. What is the hundreds digit of f(-14)?
6
Let q(n) = -n**2 - 8*n + 5. Let s be q(-8). Suppose s*g - 2*g = 402. What is the hundreds digit of g?
1
Suppose -5*v + 3*g + 7369 = 0, -v - 75*g + 72*g = -1463. What is the tens digit of v?
7
Let k = -60 + 62. Suppose 3*c = y - 4*y + 315, k*c - 519 = -5*y. What is the hundreds digit of y?
1
Suppose 0 = -4*c + 3*v + 637, -5*c = -c - 2*v - 642. What is the tens digit of c?
6
Let v be (-4 - 149) + 3 - -3. Let z = v - -215. Suppose 7*b - z = 72. What is the units digit of b?
0
Suppose -l + 0 + 6 = 0. Suppose 3*o + 12 = 5*o. Suppose o*d = 5*d + 5*t - l, 64 = 4*d + 2*t. What is the tens digit of d?
1
Let u be 42/15 + -3 - (-7578)/15. Suppose 460 = -7*r + 11*r + 4*c, 5*c = 4*r - u. What is the hundreds digit of r?
1
Suppose -17*m + 15*m + 134 = 0. Let x = m - 37. What is the units digit of x?
0
Let r be ((-8)/(-6))/(10/(-585)). What is the units digit of ((-4)/(-12))/((-2)/r)?
3
What is the tens digit of (-4 - 17/2)*(-54)/15?
4
Let w = -629 - -1065. What is the units digit of w?
6
Let r(t) = -t**3 + 5*t**2 + t - 3. Let m be r(5). What is the units digit of (34/3)/(m/3)?
7
Let y = 641 - 437. Let l = -142 + y. What is the tens digit of l?
6
Suppose k + 2*r - 660 = -2*k, k - 220 = 4*r. Let f = -118 + k. Suppose -3*v + 3*s + f = 0, v + v - 65 = s. What is the units digit of v?
1
Suppose -n - 2 = -2*n. Let x = 2 - n. What is the tens digit of x - 47*(1 - 2)?
4
Suppose 5*y + u = 37 - 136, y + 5*u = -39. Let s(a) = a**3 + 19*a**2 - 12*a - 42. What is the units digit of s(y)?
6
Suppose -2*m = -4*m + 12. Let i be 9/m*(-3 - -9). Let o(a) = -a + 17. What is the units digit of o(i)?
8
Suppose 2*s - 922 = -3*a + 1743, 3*a - 4*s - 2653 = 0. What is the units digit of a?
7
Let g(l) = 5*l**2 + l - 37. What is the hundreds digit of g(-10)?
4
Let y = 2 + -10. Let g = 15 + y. Let q = g + 1. What is the units digit of q?
8
Suppose 2*b + g - 29 = 0, 3*b - 24 = -2*g + 7*g. Suppose 4*u - 3*u + 65 = 3*p, -p + 5*u = -45. Let d = p + b. What is the tens digit of d?
3
Let u(f) be the first derivative of -f**4/4 + f**2 - 3*f - 80. Suppose -2*x - 3*x + 5*q = -10, -3*q = 4*x + 27. What is the tens digit of u(x)?
1
Let q(f) = 13 + 3*f - 6 + 0*f. Let g = 32 - 28. What is the units digit of q(g)?
9
Suppose 0 = -2*y + 4. Suppose g = y*g - 37. Suppose 5*p = -4*f + 56, 13 - g = -4*f + 3*p. What is the units digit of f?
9
Suppose -4*l = -0*l - 16. Suppose 5*y - 2*y - 18 = -3*x, l*y = 3*x + 3. What is the units digit of (-2)/x + 282/18?
5
What is the hundreds digit of (-12)/(-22) - 80100/(-165)?
4
Let y = 111 - 95. S